{"id":5094,"date":"2023-06-16T14:27:51","date_gmt":"2023-06-16T14:27:51","guid":{"rendered":"https:\/\/dbmsl.com\/?page_id=5094"},"modified":"2024-12-12T08:52:27","modified_gmt":"2024-12-12T08:52:27","slug":"productos-de-maiz-blanco","status":"publish","type":"page","link":"https:\/\/dbmsl.com\/esp\/productos\/productos-de-maiz-blanco\/","title":{"rendered":"Productos de ma\u00edz blanco"},"content":{"rendered":"<p>[et_pb_section fb_built=&#8221;1&#8243; _builder_version=&#8221;4.21.0&#8243; _module_preset=&#8221;default&#8221; background_image=&#8221;https:\/\/dbmsl.com\/wp-content\/uploads\/2022\/04\/blat-moro-blanc.png&#8221; height=&#8221;103vh&#8221; custom_margin=&#8221;-115px||||false|false&#8221; custom_css_main_element=&#8221;display: flex;||flex-direction: column;||justify-content: center;&#8221; global_colors_info=&#8221;{}&#8221;][et_pb_row _builder_version=&#8221;4.16&#8243; _module_preset=&#8221;default&#8221; max_width=&#8221;1400px&#8221; global_colors_info=&#8221;{}&#8221;][et_pb_column type=&#8221;4_4&#8243; _builder_version=&#8221;4.16&#8243; _module_preset=&#8221;default&#8221; global_colors_info=&#8221;{}&#8221;][et_pb_text _builder_version=&#8221;4.21.0&#8243; _module_preset=&#8221;default&#8221; text_font=&#8221;Lato||||||||&#8221; text_text_color=&#8221;#374059&#8243; text_font_size=&#8221;20px&#8221; text_line_height=&#8221;2em&#8221; header_font=&#8221;Lato|300|||||||&#8221; header_text_align=&#8221;left&#8221; header_text_color=&#8221;#374059&#8243; header_font_size=&#8221;65px&#8221; header_line_height=&#8221;1.2em&#8221; header_2_font=&#8221;Lato|300|||||||&#8221; header_2_text_align=&#8221;left&#8221; header_2_text_color=&#8221;#374059&#8243; header_2_font_size=&#8221;60px&#8221; header_2_line_height=&#8221;1.2em&#8221; header_3_font=&#8221;Lato|300|||||||&#8221; header_3_text_align=&#8221;left&#8221; header_3_text_color=&#8221;#374059&#8243; header_3_font_size=&#8221;60px&#8221; header_3_line_height=&#8221;1.2em&#8221; header_4_font=&#8221;Lato|300|||||||&#8221; header_4_text_align=&#8221;left&#8221; header_4_text_color=&#8221;#374059&#8243; header_4_font_size=&#8221;60px&#8221; header_4_line_height=&#8221;1.2em&#8221; header_5_font=&#8221;Lato|300|||||||&#8221; header_5_text_align=&#8221;left&#8221; header_5_text_color=&#8221;#374059&#8243; header_5_font_size=&#8221;60px&#8221; header_5_line_height=&#8221;1.2em&#8221; header_6_font=&#8221;Lato|300|||||||&#8221; header_6_text_align=&#8221;left&#8221; header_6_text_color=&#8221;#374059&#8243; header_6_font_size=&#8221;60px&#8221; header_6_line_height=&#8221;1.2em&#8221; background_color=&#8221;rgba(255,255,255,0.28)&#8221; custom_margin=&#8221;|23vw|||false|false&#8221; custom_margin_tablet=&#8221;3vw|28vw|||false|false&#8221; custom_margin_phone=&#8221;3vw|3vw|||false|false&#8221; custom_margin_last_edited=&#8221;on|phone&#8221; custom_padding=&#8221;20px|20px|20px|20px|true|true&#8221; header_font_size_tablet=&#8221;65px&#8221; header_font_size_phone=&#8221;50px&#8221; header_font_size_last_edited=&#8221;on|phone&#8221; global_colors_info=&#8221;{}&#8221;]<\/p>\n<h1>Productos de ma\u00edz blanco<\/h1>\n<p>Diferentes granulometr\u00edas de troceado, s\u00e9molas y harinas.[\/et_pb_text][\/et_pb_column][\/et_pb_row][\/et_pb_section][et_pb_section fb_built=&quot;1&quot; \u201d100px||100px|\u201d locked=\u201doff\u201d global_colors_info=\u201d{}\u201d][et_pb_row column_structure=\u201d1_2,1_2\u2033 admin_label=\u201dFeature 02 Area\u201d _builder_version=\u201d4.16\u2033 background_color=\u201d#374059\u201d height_tablet=\u201d35 \u201doff|desktop\u201d custom_margin=\u201d||0px||false|false\u201d custom_padding=\u201d0px|0px|0px|0px\u201d global_colors_info=\u201d{}\u201d][et_pb_column type=\u201d1_2\u2033 _builder_version=\u201d4.16\u2033 custom 5%|5%|5%|5%\u201d custom_padding_tablet=\u201d0px|0px|0px|0px\u201d custom_padding_last_edited=\u201doff|desktop\u201d global_colors_info=\u201d{}\u201d padding_tablet=\u201d0px|0px|0px|0px\u201d padding_last_edited=\u201doff|desktop\u201d custom_padding__hover=\u201d|||\u201d][et_pb_text admin_label=\u201dTitle\u201d _builder_version=\u201d4.16\u2033 text_font=\u201d||||||||| text_font_size=\u201d16px\u201d text_line_height=\u201d1.8em\u201d header_font=\u201d||||||||\u201d header_2_font=\u201dLato||||||||\u201d header_2_font_size=\u201d36px\u201d header_2_line_height=\u201d1.5em\u201d background_layout=\u201ddark\u201d module_alignment=\u201dcenter\u201d custom_margin=\u201d||15px|\u201d custom_margin_tablet=\u201d||15px|\u201d custom_margin_phone=\u201d30px||15px||false|false\u201d custom_margin_last_edited=\u201don|phone\u201d custom_padding=\u201d||||false|false\u201d animation_direction=\u201dleft\u201d locked=\u201doff\u201d global_colors_info=\u201d{}\u201d]<\/p>\n<h2>Troceado de ma\u00edz grueso<\/h2>\n<p>[\/et_pb_text][et_pb_text _builder_version=\u201d4.16\u2033 text_font=\u201d||||||||\u201d text_font_size=\u201d18px\u201d text_line_height=\u201d1.8em\u201d header_font=\u201d||||||||\u201d background_layout=\u201ddark\u201d max_width=\u201d525px\u201d module_alignment=\u201dleft\u201d custom_margin_last_edited=\u201doff|desktop\u201d animation_style=\u201dflip\u201d animation_direction=\u201dleft\u201d animation_intensity_flip=\u201d20%\u201d animation ors_info=\u201d {}\u201d]Producto formado por fragmentos gruesos y obtenido por desgerminaci\u00f3n y decorticaci\u00f3n del ma\u00edz blanco por v\u00eda semih\u00fameda, pasado por un proceso de calibraci\u00f3n y limpieza, sin la adici\u00f3n de colorantes ni conservantes.<\/p>\n<p>Producto destinado a la industria de arepas, trilladora y tortitas.<\/p>\n<p>Tamb\u00e9 es denomina com a trillat, morotxo\u2026[\/et_pb_text][\/et_pb_column][et_pb_column type=&#8221;1_2&#8243; _builder_version=&#8221;4.16&#8243; custom_padding=&#8221;|||&#8221; global_colors_info=&#8221;{}&#8221; custom_padding__hover=&#8221;|||&#8221;][et_pb_image src=&#8221;https:\/\/dbmsl.com\/wp-content\/uploads\/2023\/06\/trossejat-blat-moro-blanc.jpg&#8221; alt=&#8221;Trossejat de blat de moro blanc&#8221; title_text=&#8221;Trossejat de blat de moro blanc&#8221; force_fullwidth=&#8221;on&#8221; align_tablet=&#8221;center&#8221; align_phone=&#8221;&#8221; align_last_edited=&#8221;on|desktop&#8221; _builder_version=&#8221;4.22.1&#8243; custom_margin=&#8221;-40px||-40px||false|false&#8221; custom_padding=&#8221;|40px||&#8221; animation_style=&#8221;slide&#8221; animation_direction=&#8221;left&#8221; animation_intensity_slide=&#8221;8%&#8221; animation_starting_opacity=&#8221;100%&#8221; box_shadow_style=&#8221;preset1&#8243; box_shadow_blur=&#8221;80px&#8221; global_colors_info=&#8221;{}&#8221;][\/et_pb_image][\/et_pb_column][\/et_pb_row][\/et_pb_section][et_pb_section fb_built=&#8221;1&#8243; admin_label=&#8221;Feature Section&#8221; module_id=&#8221;blanc&#8221; _builder_version=&#8221;4.16&#8243; background_color=&#8221;#F7F7F7&#8243; custom_padding=&#8221;100px||100px|&#8221; locked=&#8221;off&#8221; global_colors_info=&#8221;{}&#8221;][et_pb_row column_structure=&#8221;1_2,1_2&#8243; admin_label=&#8221;Feature 02 Area&#8221; _builder_version=&#8221;4.16&#8243; background_color=&#8221;#374059&#8243; height_tablet=&#8221;350px&#8221; height_phone=&#8221;500px&#8221; height_last_edited=&#8221;off|desktop&#8221; custom_margin=&#8221;||0px||false|false&#8221; custom_margin_phone=&#8221;||80px||false|false&#8221; custom_margin_last_edited=&#8221;off|phone&#8221; custom_padding=&#8221;0px|0px|0px|0px|false|false&#8221; global_colors_info=&#8221;{}&#8221;][et_pb_column type=&#8221;1_2&#8243; _builder_version=&#8221;4.16&#8243; custom_padding=&#8221;|||&#8221; global_colors_info=&#8221;{}&#8221; custom_padding__hover=&#8221;|||&#8221;][et_pb_image src=&#8221;https:\/\/dbmsl.com\/wp-content\/uploads\/2023\/06\/semola-blat-moro-blanc.jpg&#8221; alt=&#8221;S\u00e8mola de blat de moro blanc&#8221; title_text=&#8221;S\u00e8mola de blat de moro blanc&#8221; force_fullwidth=&#8221;on&#8221; align_tablet=&#8221;center&#8221; align_phone=&#8221;&#8221; align_last_edited=&#8221;on|desktop&#8221; _builder_version=&#8221;4.23.4&#8243; custom_margin=&#8221;-40px||-40px|&#8221; custom_padding=&#8221;|||40px|false|false&#8221; animation_style=&#8221;slide&#8221; animation_direction=&#8221;left&#8221; animation_intensity_slide=&#8221;8%&#8221; animation_starting_opacity=&#8221;100%&#8221; box_shadow_style=&#8221;preset1&#8243; box_shadow_blur=&#8221;80px&#8221; global_colors_info=&#8221;{}&#8221;][\/et_pb_image][\/et_pb_column][et_pb_column type=&#8221;1_2&#8243; _builder_version=&#8221;4.16&#8243; custom_padding=&#8221;5%|5%|5%|5%&#8221; custom_padding_tablet=&#8221;0px|0px|0px|0px&#8221; custom_padding_last_edited=&#8221;off|desktop&#8221; global_colors_info=&#8221;{}&#8221; padding_tablet=&#8221;0px|0px|0px|0px&#8221; padding_last_edited=&#8221;off|desktop&#8221; custom_padding__hover=&#8221;|||&#8221;][et_pb_text admin_label=&#8221;Title&#8221; _builder_version=&#8221;4.16&#8243; text_font=&#8221;||||||||&#8221; text_font_size=&#8221;16px&#8221; text_line_height=&#8221;1.8em&#8221; header_font=&#8221;||||||||&#8221; header_2_font=&#8221;Lato||||||||&#8221; header_2_font_size=&#8221;36px&#8221; header_2_line_height=&#8221;1.5em&#8221; background_layout=&#8221;dark&#8221; module_alignment=&#8221;center&#8221; custom_margin=&#8221;||15px||false|false&#8221; custom_margin_tablet=&#8221;||15px||false|false&#8221; custom_margin_phone=&#8221;50px||15px||false|false&#8221; custom_margin_last_edited=&#8221;on|phone&#8221; custom_padding=&#8221;|||&#8221; animation_direction=&#8221;left&#8221; locked=&#8221;off&#8221; global_colors_info=&#8221;{}&#8221;]<\/p>\n<h2>S\u00e9molas<\/h2>\n<p>[\/et_pb_text][et_pb_text _builder_version=\u201d4.16\u2033 text_font=\u201d||||||||\u201d text_font_size=\u201d18px\u201d text_line_height=\u201d1.8em\u201d header_font=\u201d||||||||\u201d background_layout=\u201ddark\u201d max_width=\u201d525px\u201d module_alignment=\u201dleft\u201d animation_style=\u201dflip\u201d animation_direction=\u201dleft\u201d animation_intensity_flip=\u201d20%\u201d animation_starting_opacity=\u201d100%\u201d locked= la molienda del ma\u00edz blanco que previamente ha sido decorticado y desgerminado, pasando por un proceso de calibraci\u00f3n y limpieza.<\/p>\n<p>Producto destinado a la alimentaci\u00f3n y fabricaci\u00f3n de aperitivos (snacks).<\/p>\n<p>Tipo: S\u00e9mola fina y s\u00e9mola gruesa[\/et_pb_text][\/et_pb_column][\/et_pb_row][\/et_pb_section][et_pb_section fb_built=\u201d1\u2033 admin_label=\u201dFeature Section\u201d module_id=\u201damarillo\u201d__ ||100px|\u201d locked=\u201doff\u201d global_colors_info=\u201d{}\u201d][et_pb_row column_structure=\u201d1_2,1_2\u2033 admin_label=\u201dFeature 02 Area\u201d _builder_version=\u201d4.16\u2033 background_color=\u201d#374059\u201d height_tablet=\u201d35 \u201doff|desktop\u201d custom_margin=\u201d||0px||false|false\u201d custom_padding=\u201d0px|0px|0px|0px\u201d global_colors_info=\u201d{}\u201d][et_pb_column type=\u201d1_2\u2033 _builder_version=\u201d4.16\u2033 custom 5%|5%|5%|5%\u201d custom_padding_tablet=\u201d0px|0px|0px|0px\u201d custom_padding_last_edited=\u201doff|desktop\u201d global_colors_info=\u201d{}\u201d padding_tablet=\u201d0px|0px|0px|0px\u201d padding_last_edited=\u201doff|desktop\u201d custom_padding__hover=\u201d|||\u201d][et_pb_text admin_label=\u201dTitle\u201d _builder_version=\u201d4.16\u2033 text_font=\u201d||||||||| text_font_size=\u201d16px\u201d text_line_height=\u201d1.8em\u201d header_font=\u201d||||||||\u201d header_2_font=\u201dLato||||||||\u201d header_2_font_size=\u201d36px\u201d header_2_line_height=\u201d1.5em\u201d background_layout=\u201ddark\u201d module_alignment=\u201dcenter\u201d custom_margin=\u201d||15px|\u201d custom_margin_tablet=\u201d||15px|\u201d custom_margin_phone=\u201d30px||15px||false|false\u201d custom_margin_last_edited=\u201don|phone\u201d custom_padding=\u201d||||false|false\u201d animation_direction=\u201dleft\u201d locked=\u201doff\u201d global_colors_info=\u201d{}\u201d]<\/p>\n<h2>Harina de flor<\/h2>\n<p>[\/et_pb_text][et_pb_text _builder_version=\u201d4.21.0\u2033 text_font=\u201d||||||||\u201d text_font_size=\u201d18px\u201d text_line_height=\u201d1.8em\u201d header_font=\u201d||||||||\u201d background_layout=\u201ddark\u201d max_width=\u201d525px\u201d module_alignment=\u201dleft\u201d custom_margin_tablet=\u201d\u201d custom_margin_phone=\u201d\u201d custom_margin_last_edited=\u201don|phone\u201d animation_style=\u201dflip\u201d animation_direction=\u201dleft ity=\u201d100%\u201d locked=\u201doff\u201d global_colors_info=\u201d{}\u201d]Harina obtenida en la primera molienda del ma\u00edz blanco, previamente desgerminado y decorticado, no contiene impurezas ni mezclas de otras harinas bajas.<\/p>\n<p>Producte apte per a cel\u00edacs (gluten &lt; 10ppm).[\/et_pb_text][\/et_pb_column][et_pb_column type=&#8221;1_2&#8243; _builder_version=&#8221;4.16&#8243; custom_padding=&#8221;|||&#8221; global_colors_info=&#8221;{}&#8221; custom_padding__hover=&#8221;|||&#8221;][et_pb_image src=&#8221;https:\/\/dbmsl.com\/wp-content\/uploads\/2023\/06\/farina-flor-blat-moro-blanc.jpg&#8221; alt=&#8221;Farina de flor de blat de moro blanc&#8221; title_text=&#8221;Farina de flor de blat de moro blanc&#8221; force_fullwidth=&#8221;on&#8221; align_tablet=&#8221;center&#8221; align_phone=&#8221;&#8221; align_last_edited=&#8221;on|desktop&#8221; _builder_version=&#8221;4.23.4&#8243; custom_margin=&#8221;-40px||-40px||false|false&#8221; custom_padding=&#8221;|40px||&#8221; animation_style=&#8221;slide&#8221; animation_direction=&#8221;left&#8221; animation_intensity_slide=&#8221;8%&#8221; animation_starting_opacity=&#8221;100%&#8221; hover_enabled=&#8221;0&#8243; box_shadow_style=&#8221;preset1&#8243; box_shadow_blur=&#8221;80px&#8221; global_colors_info=&#8221;{}&#8221; sticky_enabled=&#8221;0&#8243;][\/et_pb_image][\/et_pb_column][\/et_pb_row][\/et_pb_section]<\/p>","protected":false},"excerpt":{"rendered":"<p>Productos de ma\u00edz blanco Diferentes granulometr\u00edas de troceado, s\u00e9molas y harinas. Troceado de ma\u00edz gruesoProducto formado por fragmentos gruesos y obtenido por desgerminaci\u00f3n y decorticaci\u00f3n del ma\u00edz blanco por v\u00eda semih\u00fameda, pasado por un proceso de calibraci\u00f3n y limpieza, la adici\u00f3n de colorantes ni conservantes. Producto destinado a la industria [\u2026]<\/p>","protected":false},"author":1,"featured_media":0,"parent":4455,"menu_order":0,"comment_status":"closed","ping_status":"open","template":"","meta":{"_et_pb_use_builder":"on","_et_pb_old_content":"","_et_gb_content_width":"","footnotes":""},"class_list":["post-5094","page","type-page","status-publish","hentry"],"yoast_head":"<!-- This site is optimized with the Yoast SEO plugin v27.4 - https:\/\/yoast.com\/product\/yoast-seo-wordpress\/ -->\n<title>Productes de blat de moro blanc - DBM<\/title>\n<meta name=\"description\" content=\"Explora la nostra varietat de productes de blat de moro blanc, perfectes per al teu negoci. Qualitat, sabor i versatilitat al millor preu.\" \/>\n<meta name=\"robots\" content=\"index, follow, max-snippet:-1, max-image-preview:large, max-video-preview:-1\" \/>\n<link rel=\"canonical\" href=\"https:\/\/dbmsl.com\/esp\/productos\/productos-de-maiz-blanco\/\" \/>\n<meta property=\"og:locale\" content=\"es_ES\" \/>\n<meta property=\"og:type\" content=\"article\" \/>\n<meta property=\"og:title\" content=\"Productes de blat de moro blanc - DBM\" \/>\n<meta property=\"og:description\" content=\"Explora la nostra varietat de productes de blat de moro blanc, perfectes per al teu negoci. Qualitat, sabor i versatilitat al millor preu.\" \/>\n<meta property=\"og:url\" content=\"https:\/\/dbmsl.com\/esp\/productos\/productos-de-maiz-blanco\/\" \/>\n<meta property=\"og:site_name\" content=\"DBM\" \/>\n<meta property=\"article:modified_time\" content=\"2024-12-12T08:52:27+00:00\" \/>\n<meta name=\"twitter:card\" content=\"summary_large_image\" \/>\n<meta name=\"twitter:label1\" content=\"Tiempo de lectura\" \/>\n\t<meta name=\"twitter:data1\" content=\"3 minutos\" \/>\n<script type=\"application\/ld+json\" class=\"yoast-schema-graph\">{\"@context\":\"https:\\\/\\\/schema.org\",\"@graph\":[{\"@type\":\"WebPage\",\"@id\":\"https:\\\/\\\/dbmsl.com\\\/productes\\\/productes-de-blat-de-moro-blanc\\\/\",\"url\":\"https:\\\/\\\/dbmsl.com\\\/productes\\\/productes-de-blat-de-moro-blanc\\\/\",\"name\":\"Productes de blat de moro blanc - DBM\",\"isPartOf\":{\"@id\":\"https:\\\/\\\/dbmsl.com\\\/#website\"},\"datePublished\":\"2023-06-16T14:27:51+00:00\",\"dateModified\":\"2024-12-12T08:52:27+00:00\",\"description\":\"Explora la nostra varietat de productes de blat de moro blanc, perfectes per al teu negoci. Qualitat, sabor i versatilitat al millor preu.\",\"breadcrumb\":{\"@id\":\"https:\\\/\\\/dbmsl.com\\\/productes\\\/productes-de-blat-de-moro-blanc\\\/#breadcrumb\"},\"inLanguage\":\"es\",\"potentialAction\":[{\"@type\":\"ReadAction\",\"target\":[\"https:\\\/\\\/dbmsl.com\\\/productes\\\/productes-de-blat-de-moro-blanc\\\/\"]}]},{\"@type\":\"BreadcrumbList\",\"@id\":\"https:\\\/\\\/dbmsl.com\\\/productes\\\/productes-de-blat-de-moro-blanc\\\/#breadcrumb\",\"itemListElement\":[{\"@type\":\"ListItem\",\"position\":1,\"name\":\"Inici\",\"item\":\"https:\\\/\\\/dbmsl.com\\\/\"},{\"@type\":\"ListItem\",\"position\":2,\"name\":\"Productes\",\"item\":\"https:\\\/\\\/dbmsl.com\\\/productes\\\/\"},{\"@type\":\"ListItem\",\"position\":3,\"name\":\"Productes de blat de moro blanc\"}]},{\"@type\":\"WebSite\",\"@id\":\"https:\\\/\\\/dbmsl.com\\\/#website\",\"url\":\"https:\\\/\\\/dbmsl.com\\\/\",\"name\":\"DBM\",\"description\":\"Distribu\u00efdor de productes procedents del blat de moro i arr\u00f2s\",\"publisher\":{\"@id\":\"https:\\\/\\\/dbmsl.com\\\/#organization\"},\"inLanguage\":\"es\"},{\"@type\":\"Organization\",\"@id\":\"https:\\\/\\\/dbmsl.com\\\/#organization\",\"name\":\"DBM\",\"url\":\"https:\\\/\\\/dbmsl.com\\\/\",\"logo\":{\"@type\":\"ImageObject\",\"inLanguage\":\"es\",\"@id\":\"https:\\\/\\\/dbmsl.com\\\/#\\\/schema\\\/logo\\\/image\\\/\",\"url\":\"https:\\\/\\\/dbmsl.com\\\/wp-content\\\/uploads\\\/2022\\\/10\\\/logo-dbmsl.webp\",\"contentUrl\":\"https:\\\/\\\/dbmsl.com\\\/wp-content\\\/uploads\\\/2022\\\/10\\\/logo-dbmsl.webp\",\"width\":185,\"height\":331,\"caption\":\"DBM\"},\"image\":{\"@id\":\"https:\\\/\\\/dbmsl.com\\\/#\\\/schema\\\/logo\\\/image\\\/\"}}]}<\/script>\n<!-- \/ Yoast SEO plugin. -->","yoast_head_json":{"title":"Productes de blat de moro blanc - DBM","description":"Explora la nostra varietat de productes de blat de moro blanc, perfectes per al teu negoci. Qualitat, sabor i versatilitat al millor preu.","robots":{"index":"index","follow":"follow","max-snippet":"max-snippet:-1","max-image-preview":"max-image-preview:large","max-video-preview":"max-video-preview:-1"},"canonical":"https:\/\/dbmsl.com\/esp\/productos\/productos-de-maiz-blanco\/","og_locale":"es_ES","og_type":"article","og_title":"Productes de blat de moro blanc - DBM","og_description":"Explora la nostra varietat de productes de blat de moro blanc, perfectes per al teu negoci. Qualitat, sabor i versatilitat al millor preu.","og_url":"https:\/\/dbmsl.com\/esp\/productos\/productos-de-maiz-blanco\/","og_site_name":"DBM","article_modified_time":"2024-12-12T08:52:27+00:00","twitter_card":"summary_large_image","twitter_misc":{"Tiempo de lectura":"3 minutos"},"schema":{"@context":"https:\/\/schema.org","@graph":[{"@type":"WebPage","@id":"https:\/\/dbmsl.com\/productes\/productes-de-blat-de-moro-blanc\/","url":"https:\/\/dbmsl.com\/productes\/productes-de-blat-de-moro-blanc\/","name":"Productes de blat de moro blanc - DBM","isPartOf":{"@id":"https:\/\/dbmsl.com\/#website"},"datePublished":"2023-06-16T14:27:51+00:00","dateModified":"2024-12-12T08:52:27+00:00","description":"Explora la nostra varietat de productes de blat de moro blanc, perfectes per al teu negoci. Qualitat, sabor i versatilitat al millor preu.","breadcrumb":{"@id":"https:\/\/dbmsl.com\/productes\/productes-de-blat-de-moro-blanc\/#breadcrumb"},"inLanguage":"es","potentialAction":[{"@type":"ReadAction","target":["https:\/\/dbmsl.com\/productes\/productes-de-blat-de-moro-blanc\/"]}]},{"@type":"BreadcrumbList","@id":"https:\/\/dbmsl.com\/productes\/productes-de-blat-de-moro-blanc\/#breadcrumb","itemListElement":[{"@type":"ListItem","position":1,"name":"Inici","item":"https:\/\/dbmsl.com\/"},{"@type":"ListItem","position":2,"name":"Productes","item":"https:\/\/dbmsl.com\/productes\/"},{"@type":"ListItem","position":3,"name":"Productes de blat de moro blanc"}]},{"@type":"WebSite","@id":"https:\/\/dbmsl.com\/#website","url":"https:\/\/dbmsl.com\/","name":"DBM","description":"Distribu\u00efdor de productes procedents del blat de moro i arr\u00f2s","publisher":{"@id":"https:\/\/dbmsl.com\/#organization"},"inLanguage":"es"},{"@type":"Organization","@id":"https:\/\/dbmsl.com\/#organization","name":"DBM","url":"https:\/\/dbmsl.com\/","logo":{"@type":"ImageObject","inLanguage":"es","@id":"https:\/\/dbmsl.com\/#\/schema\/logo\/image\/","url":"https:\/\/dbmsl.com\/wp-content\/uploads\/2022\/10\/logo-dbmsl.webp","contentUrl":"https:\/\/dbmsl.com\/wp-content\/uploads\/2022\/10\/logo-dbmsl.webp","width":185,"height":331,"caption":"DBM"},"image":{"@id":"https:\/\/dbmsl.com\/#\/schema\/logo\/image\/"}}]}},"_links":{"self":[{"href":"https:\/\/dbmsl.com\/esp\/wp-json\/wp\/v2\/pages\/5094","targetHints":{"allow":["GET"]}}],"collection":[{"href":"https:\/\/dbmsl.com\/esp\/wp-json\/wp\/v2\/pages"}],"about":[{"href":"https:\/\/dbmsl.com\/esp\/wp-json\/wp\/v2\/types\/page"}],"author":[{"embeddable":true,"href":"https:\/\/dbmsl.com\/esp\/wp-json\/wp\/v2\/users\/1"}],"replies":[{"embeddable":true,"href":"https:\/\/dbmsl.com\/esp\/wp-json\/wp\/v2\/comments?post=5094"}],"version-history":[{"count":10,"href":"https:\/\/dbmsl.com\/esp\/wp-json\/wp\/v2\/pages\/5094\/revisions"}],"predecessor-version":[{"id":5691,"href":"https:\/\/dbmsl.com\/esp\/wp-json\/wp\/v2\/pages\/5094\/revisions\/5691"}],"up":[{"embeddable":true,"href":"https:\/\/dbmsl.com\/esp\/wp-json\/wp\/v2\/pages\/4455"}],"wp:attachment":[{"href":"https:\/\/dbmsl.com\/esp\/wp-json\/wp\/v2\/media?parent=5094"}],"curies":[{"name":"wp","href":"https:\/\/api.w.org\/{rel}","templated":true}]}}